
15
Let q be ((-10)/15)/((-4)/(-102)). Let u(y) = -5*y - 19. Let v be u(q). What is the greatest common factor of v and 165?
33
Let z(k) = 101*k**3 + 10*k**2 + 9*k + 96*k**3 + 16 - 196*k**3. Let y be z(-9). What is the highest common divisor of 88 and y?
8
Let x(f) = 157*f + 359. Let o be x(-2). Calculate the highest common divisor of o and 3945.
15
Let u(q) = 11*q**2 - 6*q - 4. Suppose 40*j + 9 = 43*j. Let p be u(j). Let w(h) = -h + 13. Let b be w(6). Calculate the greatest common divisor of p and b.
7
Suppose 0 = -13*g - 395 + 1045. Suppose -4*t - 52 = -4*v, 4*t = -v - 2 - 0. Suppose 0*z + v = z. Calculate the greatest common divisor of g and z.
10
Let t = -1649 - -4081. What is the greatest common factor of 228 and t?
76
Suppose -6*o = -86 + 62. Let f(a) = 28*a - 28. Let k be f(o). What is the greatest common factor of k and 21?
21
Let d be (-243)/(-567) - 119586/(-21). Calculate the highest common factor of d and 3685.
335
Suppose 4*j = 8*j - 20. Suppose -4*b + 25 = -4*l - 47, 0 = j*l. Calculate the highest common divisor of b and 117.
9
Let k(q) = q**2 + 6*q + 1. Let i be k(2). Let d be ((-51)/i)/(3/(-14)). Calculate the highest common divisor of d and 16.
2
Suppose 3*s + 742 = s. Let x = s + 377. Calculate the greatest common divisor of x and 33.
3
Let u be (0 - -1)/(((-24)/(-1582))/(-12)). Let y = -789 - u. What is the greatest common factor of y and 17?
1
Let w = 38564 + -38538. Let t = -35 + 87. Calculate the highest common divisor of w and t.
26
Let w = -806 - -2945. What is the greatest common divisor of w and 93?
93
Suppose -55*n + 343 = 68. Let w be 518/(0 - -2) + -1. Suppose n*c + w - 1245 = -3*v, 5*c + v = 989. Calculate the greatest common divisor of c and 22.
22
Suppose -69 = -9*k + 57. Let w = -999 + 1132. What is the greatest common factor of k and w?
7
Suppose -346*j = 2818 - 14928. What is the highest common factor of 155 and j?
5
Let n(y) = y**3 - 12*y**2 + 7*y + 10. Let c = -4 + 11. Let x be n(c). Let k be (6/(-18))/(2/x). Calculate the highest common divisor of 31 and k.
31
Let k be (1/(-7))/((-4)/28). Let i be (k - -6)*(-22)/(-77). Let a be 8/i - (-9)/3. Calculate the highest common factor of 21 and a.
7
Let b(j) = 205*j + 506. Let v be b(-2). Calculate the greatest common factor of v and 3.
3
Let h(n) = -19*n + 565. Let j be h(6). What is the greatest common divisor of j and 165?
11
Let k(u) = -16*u**3 - 31*u**2 - 11*u - 46. Let w be k(-7). What is the highest common divisor of 120 and w?
40
Suppose -5*z = -3*a - 75, 2*z + 4*a - 6 = -2. Suppose -6 = u - 2*u. Let l(f) = 4*f - 4. Let t be l(u). Calculate the greatest common factor of t and z.
4
Suppose 2*h = -6*n + 3*n + 10, 4*n = -2*h + 12. Suppose -2*b = 34*o - 37*o + 740, -724 = -3*o - h*b. Calculate the highest common factor of 4 and o.
4
Suppose 31*t + 4*l = 27*t + 84, -5*l = -10. Let z = -413 - -184. Let b = z - -400. Calculate the greatest common divisor of b and t.
19
Let t be ((-28665)/(-1092))/((-5)/(-8)). Calculate the highest common divisor of t and 258.
6
Suppose -29938 = 51*x - 539887. Calculate the highest common divisor of 198 and x.
99
Suppose 0 = 3*d - 2*f - 315 - 232, -5*d + 3*f = -913. What is the highest common divisor of 2035 and d?
185
Suppose c - x = 5, -7*c + 2*c + 45 = 5*x. Suppose 0 = 5*i - 3*j - 1245, -5*i + j - 814 = -2059. Let k = -186 + i. What is the highest common divisor of k and c?
7
Let f(m) = -m**2 + 4*m - 1. Let s(g) = -g**3 + 8*g**2 - 24*g - 7. Let i(z) = -5*f(z) - s(z). Let q be i(6). Calculate the greatest common factor of 96 and q.
48
Let y = -32267 - -34071. Calculate the highest common factor of 275 and y.
11
Let x be ((-1428)/140)/((-6)/20)*8. Let i(o) = -o**3 + 9*o**2 - 9*o + 13. Let l be i(7). What is the greatest common factor of x and l?
16
Suppose -3*b + 0*b = -2*j - 32, 73 = -5*j + 4*b. Let o(s) = -s + 33. Let t be o(j). Calculate the greatest common factor of 46 and t.
46
Let f be 2136/445 - (-2)/10*1. Suppose -f*c = b - 4*c - 112, -448 = -4*b - c. Calculate the greatest common divisor of 126 and b.
14
Let y be -114*(5 + (-65)/15) + 3. Let h be (-24)/(-48) + y/(-2). Calculate the greatest common divisor of h and 185.
37
Suppose 1 = -6*l + 73. Let h(j) = -j**2 - 46*j - 40*j + 71*j - 24. Let f be h(-9). What is the greatest common factor of f and l?
6
Let t be (-4)/(((-125)/(-30))/(-25)). What is the greatest common factor of 2208 and t?
24
Let o = 79 + 177. Suppose -o = -17*t - 35. What is the greatest common factor of 403 and t?
13
Suppose 0 = 21*d - 103*d + 19276 + 70924. What is the highest common factor of 132 and d?
44
Let j = -316 - -320. Suppose j*u - 648 = -3*t, 20*u = 24*u - 5*t - 680. What is the highest common divisor of 60 and u?
15
Let b be 4826/(-95) + 1/(-5). Let v be -4*b/18 + 6/9. Let d(f) = 2*f**2 + 5*f - 4. Let s be d(4). What is the highest common divisor of v and s?
12
Suppose -21*i + 4*b - 1666 = -22*i, -5*i + 8374 = -2*b. What is the highest common divisor of 36 and i?
18
Let k(n) = -2*n**2 - 9*n - 6. Let b be k(-2). Suppose 4*s = -3*p + 343, 6*s - b*s - 2*p - 182 = 0. Calculate the highest common divisor of s and 32.
8
Let n be (-17 + -4)/(2 - 5). Let w be -8 + 17 + -6 + n. Let v be (-380)/3*(-9)/6. Calculate the greatest common divisor of v and w.
10
Let y be (-45)/(-9) + 4/(-1). Let d be -1 - (37 - y)/(3/(-2)). What is the greatest common divisor of 115 and d?
23
Let h(l) = 47*l**3 - 1. Let n be h(1). Let q(z) = 3*z**2 - 19*z + 32. Let f be q(2). Suppose 161 = -f*w + 13*w. What is the highest common factor of n and w?
23
Let n(g) = 259*g + 2495. Let x be n(10). What is the greatest common divisor of 405 and x?
45
Suppose 5*c = f + 14 - 34, -f + 2 = c. Let z(o) = 2*o**3 - 10*o**2 + 5*o - 7. Let j be z(f). What is the highest common divisor of j and 270?
18
Let f(v) = -v**3 + 10*v**2 + 13*v - 166. Let c be f(8). Calculate the highest common divisor of 174 and c.
6
Let v = -20262 - -20367. Calculate the highest common factor of v and 378.
21
Let v be 6*((-2 - -3) + 3). Let g = -329 - -338. What is the highest common factor of v and g?
3
Let k = -233 - -68. Let j = k - -312. Let d be (-4305)/410*(-6 - -4). Calculate the highest common divisor of d and j.
21
Let j be 3504 + (65/117 + (-10)/45)*-12. What is the greatest common factor of j and 400?
100
Let a be (2516/(-12))/(28/(-84)). Calculate the greatest common factor of a and 518.
37
Suppose 0 = y - 155 - 75. Let i be (2/((-24)/(-15)))/((-3)/(-24)). Calculate the highest common divisor of y and i.
10
Suppose k - 52 = 2*m, 3*k - 31*m - 156 = -32*m. Let i = 90 - -131. Calculate the highest common divisor of k and i.
13
Let w(r) = 6*r - 75. Let q be w(38). Suppose 2*g - 3*h = q, -29*g = -31*g + 5*h + 151. What is the highest common factor of 208 and g?
26
Suppose 21*w = 20*w + 77*w - 1312976. Calculate the highest common factor of w and 84.
28
Let w = 66 + -51. Let d be w/(-25) - (-28)/5. Suppose 2*u + d*u - 56 = 0. Calculate the greatest common divisor of 32 and u.
8
Let i = -119 + 186. Let n = i + -32. Suppose 1021*y = 1077*y - 392. What is the greatest common factor of y and n?
7
Let q(c) = 58*c**3 + 18*c**2 - 11*c - 5. Let w be q(1). Let o(a) = 37*a**2 + 2. Let n be o(-2). Calculate the highest common divisor of n and w.
30
Let s = 263 + -198. Let t = -57 + s. Calculate the highest common factor of t and 16.
8
Suppose -16 = -7*r + 3*r. Suppose -20 = -j - r*j. Let d be 19 + (0 - (3 - j)). What is the highest common factor of 60 and d?
20
Let g(d) = 4*d**2 - 34*d + 403. Let m be g(22). Calculate the highest common factor of m and 301.
43
Let l(w) = 2*w**3 - 17*w**2 - 25*w + 159. Let x be l(9). Calculate the greatest common factor of x and 4242.
3
Let u = -3753 + 7155. Calculate the greatest common factor of 42 and u.
42
Suppose 5*s - 389 = -n, 5*n - 197 = -45*s + 43*s. What is the highest common divisor of s and 6270?
38
Suppose -3*j + 4*n = -313 + 103, 5*n + 350 = 5*j. Let r = j - 18. What is the greatest common divisor of r and 52?
52
Suppose -69*d + 121905 = -42*d. Calculate the greatest common factor of 105 and d.
105
Let s(o) = o + 9. Let j be s(0). Let b(i) = 9*i**3 - 3*i**2 + 3*i - 1. Let k be b(1). Suppose -972 = -k*n - 4*n. Calculate the highest common factor of j and n.
9
Suppose -3*c - t = 61, -t + 0 = -c - 15. Let k be 2/c + (-587